s 95491421 a prime number?
True
Is 3701638461 composite?
True
Is 3670340221 a composite number?
False
Is 4021708793 prime?
False
Is 43548390409 composite?
False
Is 130475109353 a prime number?
True
Is 856033441 a composite number?
False
Is 3620673713 prime?
True
Is 463995731 composite?
False
Is 252600650117 composite?
True
Is 26993187851 composite?
True
Is 99902122763 a composite number?
False
Is 52068371 a prime number?
True
Is 22217377799 a prime number?
False
Is 832553537 a prime number?
False
Is 2840301719 a prime number?
True
Is 10330740899 a prime number?
True
Is 47665538953 composite?
True
Is 4627661879 a composite number?
False
Is 276819451 a prime number?
True
Is 21547066709 a prime number?
False
Is 412989151 composite?
False
Is 3917759113 composite?
False
Is 37153187219 prime?
False
Is 87736078421 a prime number?
True
Is 590368657 composite?
False
Is 6802251343 prime?
True
Is 77147143 a composite number?
True
Is 538413037 a prime number?
True
Is 36828677329 a prime number?
False
Is 6587896673 a prime number?
True
Is 593623367 composite?
True
Is 3265770509 prime?
True
Is 22344011 prime?
True
Is 59338899467 a prime number?
True
Is 2838969941 a prime number?
False
Is 9811124371 prime?
False
Is 436479793 a prime number?
True
Is 1381615367 composite?
True
Is 5606771531 composite?
False
Is 578413343 a prime number?
True
Is 846557011 prime?
True
Is 3456459031 a prime number?
True
Is 20621080643 composite?
True
Is 175042444717 a prime number?
False
Is 7339833119 composite?
True
Is 78218689909 a composite number?
True
Is 2204040001 a prime number?
False
Is 1298888819 prime?
False
Is 31745811661 prime?
False
Is 9810793607 prime?
True
Is 472542459 prime?
False
Is 934338671 prime?
False
Is 438302377 a prime number?
False
Is 10208394869 composite?
False
Is 613900823 composite?
False
Is 18077868931 composite?
False
Is 31020317893 prime?
True
Is 836487191 composite?
True
Is 36058899385 prime?
False
Is 227226011 a composite number?
True
Is 6657798103 composite?
True
Is 7805062709 prime?
True
Is 270697463 a prime number?
True
Is 33213122969 prime?
False
Is 811115329 a composite number?
False
Is 1082633073 composite?
True
Is 486755593 prime?
False
Is 17146399037 a composite number?
False
Is 104042674189 prime?
True
Is 9986783 prime?
True
Is 162967999 composite?
True
Is 30464676029 prime?
False
Is 395959199 prime?
True
Is 212553587 a composite number?
False
Is 12412262581 a composite number?
True
Is 1765287133 a prime number?
False
Is 9171959549 a composite number?
True
Is 10431303881 prime?
True
Is 1852844911 composite?
True
Is 13184964761 a composite number?
True
Is 264859702 a composite number?
True
Is 327860567 a composite number?
True
Is 29321916031 a composite number?
False
Is 21661540423 a composite number?
False
Is 76354679 prime?
False
Is 146022492301 a composite number?
True
Is 2394356977 a prime number?
True
Is 136565911 composite?
False
Is 143949209 prime?
True
Is 22599291229 a prime number?
True
Is 117394051447 composite?
False
Is 1535230787 prime?
True
Is 13730209079 a composite number?
False
Is 728022886207 a composite number?
False
Is 134713837 a composite number?
False
Is 646715789 a composite number?
True
Is 1069676947 prime?
True
Is 573895351 a composite number?
False
Is 144379221565 prime?
False
Is 34381895201 a composite number?
True
Is 6387898901 a composite number?
False
Is 2578121411 a composite number?
False
Is 132951389 composite?
True
Is 6028035691 a composite number?
False
Is 1334350913 a prime number?
False
Is 3919083233 a prime number?
False
Is 151290501398 composite?
True
Is 906559631 a composite number?
True
Is 14944372273 a composite number?
False
Is 1622083381 prime?
True
Is 153611088347 prime?
True
Is 1130453221 a prime number?
True
Is 1649741579 composite?
True
Is 1932511391 a composite number?
False
Is 569574539 a prime number?
False
Is 47622485731 composite?
False
Is 22597847617 composite?
False
Is 207124200191 prime?
False
Is 1024932421 a prime number?
False
Is 4096384963 a composite number?
True
Is 5967681949 a composite number?
False
Is 127329577 prime?
False
Is 1714731157 composite?
True
Is 1545153343 prime?
True
Is 59699202047 a prime number?
True
Is 13841393903 a prime number?
False
Is 134328065231 composite?
False
Is 7732336243 a prime number?
True
Is 700498411 a composite number?
False
Is 1490378573 a prime number?
True
Is 574570693 composite?
False
Is 1808264147 a prime number?
False
Is 3380811311 a prime number?
False
Is 6431263511 a prime number?
True
Is 1029465761 a prime number?
False
Is 1191860399 a composite number?
False
Is 83824082611 a composite number?
False
Is 68262179 prime?
True
Is 3485630327 composite?
True
Is 476289731 prime?
False
Is 3046776283 a prime number?
False
Is 140141067889 a prime number?
False
Is 302982299 a prime number?
True
Is 207185452757 prime?
True
Is 8340356989 a composite number?
False
Is 210213181 a composite number?
True
Is 16569157359 a composite number?
True
Is 40472423989 composite?
True
Is 1163212987 a prime number?
True
Is 244217999 a prime number?
False
Is 6505171237 composite?
True
Is 75413928883 composite?
False
Is 58997094929 prime?
False
Is 15692877521 composite?
False
Is 65374041487 prime?
True
Is 413551009 prime?
True
Is 397047451 composite?
False
Is 12892831199 a composite number?
False
Is 1144679143 composite?
False
Is 9945674086 prime?
False
Is 75121643173 a composite number?
True
Is 20123875271 a prime number?
True
Is 761636219 prime?
True
Is 224130889 composite?
True
Is 592983661 a prime number?
True
Is 8678396647 prime?
False
Is 8229658117 a prime number?
True
Is 234285833 a composite number?
True
Is 9084021521 composite?
False
Is 987311370983 a composite number?
True
Is 495582631 composite?
True
Is 30320837153 prime?
False
Is 294819829 a composite number?
True
Is 394034491 composite?
True
Is 9982125719 prime?
True
Is 412769321 composite?
False
Is 52658543809 a composite number?
False
Is 22719717187 prime?
False
Is 1188573043 prime?
False
Is 87865578623 prime?
True
Is 432058411 a composite number?
True
Is 1638305437 composite?
False
Is 470166971 a prime number?
True
Is 13013221101 a composite number?
True
Is 33538197419 prime?
False
Is 121383487843 a prime number?
True
Is 13241323 prime?
False
Is 780865066 prime?
False
Is 297351827 a composite number?
True
Is 6951869233 prime?
False
Is 36278714587 prime?
True
Is 1456864169 prime?
True
Is 444800099 prime?
False
Is 111283720601 a prime number?
True
Is 2736651977 a prime number?
True
Is 12334770907 prime?
False
Is 999374023 a prime number?
True
Is 30736071017 composite?
False
Is 532846417 prime?
True
Is 218624191 prime?
True
Is 60361725139 a composite number?
False
Is 75828547783 a prime number?
False
Is 439365019 prime?
False
Is 942506821 a prime number?
True
Is 140713009999 composite?
False
Is 8547276137 a composite number?
False
Is 149057496019 prime?
True
Is 131583165899 a composite number?
True
Is 73200569 prime?
False
Is 12452399 a composite number?
False
Is 32884454059 a prime number?
True
Is 4755862151 a composite number?
True
Is 123243006277 composite?
False
Is 2194026091 composite?
True
Is 53601921239 a composite number?
True
Is 219970757179 a prime number?
False
Is 529329137 prime?
True
Is 97978613 a prime number?
True
Is 12689549877 composite?
True
Is 18052655407 a prime number?
False
Is 44672715055 a composite number?
True
Is 63134567 prime?
False
Is 645558701 a composite number?
True
Is 18586607491 a prime number?
False
Is 19378316141 prime?
True
Is 1150539817 a composite number?
True
Is 1531954141 a composite number?
False
Is 2140471193 a prime number?
False
Is 6442268779 a composite number?
True
Is 64183085 prime?
False
Is 1026617749 a composite number?
False
Is 2593440607 a composite number?
True
Is 25715360423 composite?
True
Is 372877591 prime?
True
Is 446412282223 a prime number?
True
Is 2914833521 composite?
False
Is 659082327 composite?
True
Is 4880683243 composite?
True
Is 5670476914 composite?
True
Is 24264599169 a composite number?
True
Is 30062861 a composite number?
False
Is 501977543 prime?
True
Is 82232209453 a prime number?
True
Is 36724837223 a composite number?
False
Is 30336681329 a prime number?
True
Is 23421023519 composite?
False
Is 5291104909 a composite number?
Fa